late the highest common factor of 7325 and 879.
293
Calculate the highest common divisor of 456 and 4332.
228
What is the greatest common factor of 1681 and 41?
41
What is the highest common factor of 244 and 2379?
61
Calculate the highest common factor of 33407 and 11.
11
What is the highest common factor of 231 and 66?
33
What is the highest common factor of 165 and 99?
33
What is the greatest common factor of 19 and 2983?
19
What is the highest common divisor of 450 and 400?
50
Calculate the greatest common factor of 341 and 275.
11
What is the highest common factor of 575 and 460?
115
Calculate the highest common factor of 460 and 20.
20
Calculate the highest common divisor of 120 and 4520.
40
Calculate the highest common divisor of 351 and 273.
39
What is the greatest common divisor of 22 and 550?
22
What is the highest common divisor of 3 and 394?
1
What is the greatest common divisor of 104 and 65?
13
What is the greatest common factor of 205 and 10414?
41
What is the highest common divisor of 5 and 50?
5
What is the greatest common factor of 7664 and 5269?
479
What is the highest common factor of 65 and 91?
13
Calculate the greatest common divisor of 70 and 90.
10
What is the highest common divisor of 1938 and 1632?
102
Calculate the highest common divisor of 2272 and 71.
71
What is the highest common factor of 3200 and 896?
128
What is the highest common divisor of 24 and 2298?
6
What is the highest common divisor of 17 and 901?
17
Calculate the highest common divisor of 36 and 408.
12
Calculate the highest common factor of 4 and 74.
2
What is the highest common divisor of 97 and 485?
97
What is the greatest common divisor of 16 and 164?
4
What is the highest common divisor of 126 and 28?
14
What is the highest common factor of 104 and 4238?
26
Calculate the highest common factor of 1378 and 212.
106
What is the greatest common divisor of 35 and 308?
7
Calculate the greatest common divisor of 742 and 106.
106
Calculate the greatest common factor of 48 and 128.
16
Calculate the greatest common factor of 896 and 56.
56
What is the highest common divisor of 539 and 231?
77
What is the greatest common factor of 44 and 1243?
11
What is the highest common factor of 7902 and 6?
6
What is the highest common factor of 136 and 1700?
68
What is the greatest common factor of 12 and 30?
6
What is the highest common factor of 287 and 328?
41
What is the greatest common factor of 5 and 2?
1
What is the highest common divisor of 7044 and 36?
12
Calculate the highest common factor of 2700 and 108.
108
What is the highest common factor of 68 and 85?
17
What is the greatest common factor of 104 and 65?
13
Calculate the greatest common factor of 280 and 4.
4
Calculate the highest common factor of 66 and 1078.
22
What is the highest common divisor of 35 and 45?
5
What is the greatest common factor of 2128 and 64?
16
Calculate the highest common factor of 9953 and 807.
269
Calculate the greatest common factor of 1656 and 1116.
36
Calculate the highest common divisor of 198 and 11.
11
What is the highest common divisor of 1458 and 36?
18
Calculate the highest common factor of 86 and 1118.
86
Calculate the greatest common divisor of 3674 and 501.
167
What is the greatest common factor of 396 and 144?
36
What is the highest common factor of 29 and 2291?
29
What is the greatest common divisor of 1740 and 180?
60
What is the greatest common divisor of 20 and 1070?
10
What is the highest common factor of 15 and 6?
3
Calculate the greatest common divisor of 7081 and 73.
73
What is the greatest common factor of 276 and 24?
12
Calculate the highest common divisor of 910 and 52.
26
What is the highest common factor of 93 and 279?
93
Calculate the highest common factor of 140 and 10000.
20
Calculate the greatest common factor of 378 and 84.
42
What is the highest common divisor of 1386 and 5445?
99
Calculate the highest common factor of 228 and 31996.
76
Calculate the greatest common factor of 384 and 6.
6
What is the greatest common divisor of 5 and 2315?
5
Calculate the highest common factor of 3875 and 125.
125
Calculate the greatest common factor of 1085 and 420.
35
What is the greatest common divisor of 3 and 11397?
3
Calculate the highest common factor of 5 and 4340.
5
What is the greatest common divisor of 744 and 1536?
24
Calculate the highest common divisor of 1152 and 90.
18
What is the highest common factor of 15587 and 26?
13
Calculate the highest common divisor of 29 and 31.
1
What is the greatest common factor of 27 and 27?
27
Calculate the greatest common factor of 2737 and 14.
7
Calculate the greatest common divisor of 29 and 232.
29
Calculate the greatest common factor of 17 and 27829.
17
Calculate the highest common factor of 99 and 22.
11
What is the highest common factor of 428 and 4?
4
What is the highest common divisor of 611 and 13?
13
Calculate the highest common divisor of 192 and 16032.
96
What is the highest common factor of 92 and 18400?
92
What is the highest common factor of 324 and 432?
108
What is the greatest common divisor of 300 and 44?
4
Calculate the highest common factor of 1672 and 16.
8
What is the greatest common divisor of 10116 and 1?
1
Calculate the greatest common factor of 4687 and 763.
109
What is the greatest common divisor of 1495 and 115?
115
What is the greatest common divisor of 36 and 27?
9
Calculate the highest common factor of 46 and 115.
23
Calculate the greatest common divisor of 469 and 7.
7
What is the highest common divisor of 135 and 1245?
15
What is the greatest common factor of 204 and 12?
12
What is the highest common factor of 675 and 25?
25
Calculate the highest common factor of 3576 and 24.
24
What is the greatest common divisor of 9716 and 28?
28
What is the highest common factor of 4367 and 110?
11
What is the highest common divisor of 3728 and 32?
16
What is the highest common divisor of 106 and 3763?
53
Calculate the greatest common divisor of 16 and 1.
1
What is the highest common factor of 833 and 35?
7
What is the highest common factor of 6 and 1182?
6
What is the highest common divisor of 75 and 1825?
25
What is the greatest common divisor of 65 and 39?
13
What is the highest common divisor of 350 and 5850?
50
What is the highest common factor of 2600 and 6175?
325
Calculate the highest common factor of 2419 and 236.
59
Calculate the greatest common factor of 300 and 5.
5
Calculate the highest common divisor of 120 and 15.
15
What is the highest common divisor of 736 and 23?
23
Calculate the greatest common factor of 6710 and 20.
10
Calculate the greatest common factor of 473 and 22.
11
What is the greatest common divisor of 52 and 143?
13
Calculate the greatest common divisor of 370 and 148.
74
Calculate the greatest common factor of 13 and 1417.
13
What is the highest common divisor of 2807 and 7?
7
Calculate the highest common divisor of 6 and 75.
3
What is the greatest common factor of 70 and 1715?
35
Calculate the greatest common divisor of 13 and 4.
1
What is the greatest common divisor of 143 and 33?
11
Calculate the highest common factor of 7 and 4319.
7
Calculate the greatest common factor of 104 and 1520.
8
Calculate the greatest common divisor of 5 and 355.
5
What is the greatest common factor of 132 and 12?
12
Calculate the highest common divisor of 4060 and 140.
140
What is the greatest common divisor of 9 and 2169?
9
Calculate the greatest common divisor of 1290 and 30.
30
What is the highest common factor of 1330 and 114?
38
Calculate the highest common divisor of 49 and 63.
7
What is the highest common factor of 204 and 384?
12
Calculate the greatest common factor of 130 and 26.
26
Calculate the greatest common divisor of 121 and 176.
11
Calculate the greatest common factor of 893 and 282.
47
What is the highest common factor of 144 and 2754?
18
What is the highest common divisor of 161 and 2438?
23
Calculate the highest common divisor of 420 and 28.
28
Calculate the highest common divisor of 663 and 204.
51
Calculate the greatest common factor of 1273 and 67.
67
What is the highest common factor of 110 and 77?
11
What is the highest common divisor of 460 and 195?
5
Calculate the highest common factor of 558 and 18.
18
Calculate the highest common divisor of 1450 and 100.
